ors of 61496195?
5, 12299239
List the prime factors of 45264297.
3, 13, 113, 10271
List the prime factors of 89030153.
443, 200971
List the prime factors of 94423984.
2, 17, 41, 8467
List the prime factors of 44997367.
44997367
What are the prime factors of 12305247?
3, 991, 4139
What are the prime factors of 123372201?
3, 1571, 26177
What are the prime factors of 2520922410?
2, 3, 5, 28010249
List the prime factors of 1087209219.
3, 797, 454709
List the prime factors of 3338535.
3, 5, 131, 1699
List the prime factors of 828784154.
2, 11, 5867, 6421
List the prime factors of 570020239.
6373, 89443
What are the prime factors of 129949652?
2, 7, 4641059
List the prime factors of 347894596.
2, 7, 17, 23, 43, 739
List the prime factors of 1391400716.
2, 12979, 26801
What are the prime factors of 3439732541?
7, 491390363
What are the prime factors of 863915362?
2, 71, 6083911
List the prime factors of 36989514.
2, 3, 157, 4363
What are the prime factors of 74210072?
2, 29, 79, 4049
List the prime factors of 52683213.
3, 11, 43, 137, 271
What are the prime factors of 58191607?
58191607
What are the prime factors of 2026392128?
2, 31, 1021367
List the prime factors of 121338390.
2, 3, 5, 1031, 3923
What are the prime factors of 6764410207?
443, 15269549
What are the prime factors of 459043471?
71, 1031, 6271
List the prime factors of 4190180688.
2, 3, 29098477
List the prime factors of 3508684944.
2, 3, 17, 29, 67, 2213
What are the prime factors of 186331100?
2, 5, 19, 281, 349
List the prime factors of 142038956.
2, 35509739
What are the prime factors of 277377249?
3, 53, 103, 16937
List the prime factors of 72670830.
2, 3, 5, 1213, 1997
What are the prime factors of 220646710?
2, 5, 22064671
List the prime factors of 284443706.
2, 131, 1085663
List the prime factors of 7658966585.
5, 15583, 98299
List the prime factors of 40839463.
7, 5834209
List the prime factors of 934387746.
2, 3, 139, 1120369
List the prime factors of 870282722.
2, 83, 5242667
List the prime factors of 6187240.
2, 5, 154681
List the prime factors of 225233059.
2897, 77747
List the prime factors of 59061529.
6121, 9649
List the prime factors of 85638815.
5, 61, 4603
What are the prime factors of 259610701?
7, 37087243
What are the prime factors of 200979352?
2, 7, 3588917
What are the prime factors of 150026247?
3, 7, 277, 8597
List the prime factors of 1923250057.
277, 6943141
What are the prime factors of 35268111?
3, 31, 83, 1523
List the prime factors of 38031457.
38031457
List the prime factors of 2141632595.
5, 19, 22543501
List the prime factors of 3657437039.
3657437039
List the prime factors of 240415346.
2, 120207673
List the prime factors of 6832150.
2, 5, 13, 23, 457
What are the prime factors of 62413204?
2, 7, 2229043
List the prime factors of 424636862.
2, 13, 16332187
List the prime factors of 133189978.
2, 66594989
What are the prime factors of 18119782?
2, 9059891
List the prime factors of 29912000.
2, 5, 3739
What are the prime factors of 63994776?
2, 3, 173, 15413
List the prime factors of 5551821611.
7, 83, 9555631
List the prime factors of 1175207282.
2, 587603641
What are the prime factors of 283425228?
2, 3, 23, 47, 7283
What are the prime factors of 52103187?
3, 19, 53, 5749
What are the prime factors of 32901029?
7, 37, 127031
List the prime factors of 15487385.
5, 67, 83, 557
List the prime factors of 1038136423.
47, 22088009
What are the prime factors of 65821983?
3, 73, 300557
List the prime factors of 521767748.
2, 130441937
What are the prime factors of 54996783?
3, 1013, 18097
What are the prime factors of 471871570?
2, 5, 47187157
What are the prime factors of 115599093?
3, 31, 43, 137, 211
List the prime factors of 10663836.
2, 3, 888653
List the prime factors of 3232447270.
2, 5, 13, 131, 347, 547
List the prime factors of 65176405.
5, 7, 139, 13397
What are the prime factors of 1053855600?
2, 3, 5, 7, 109, 1151
List the prime factors of 1411805818.
2, 37, 421, 45317
List the prime factors of 1047405204.
2, 3, 3169, 9181
What are the prime factors of 2655340472?
2, 43, 211, 36583
List the prime factors of 28089608.
2, 3511201
What are the prime factors of 3158781721?
3158781721
List the prime factors of 95816377.
29, 101, 32713
List the prime factors of 161992402.
2, 11, 13, 73, 7759
List the prime factors of 2832426969.
3, 61, 241, 64223
What are the prime factors of 41330481?
3, 29, 271, 1753
List the prime factors of 42646958.
2, 21323479
What are the prime factors of 1636766814?
2, 3, 272794469
List the prime factors of 237682888.
2, 29710361
List the prime factors of 5836723651.
11, 173, 17729
List the prime factors of 3530839358.
2, 113, 139, 112397
What are the prime factors of 730112426?
2, 365056213
List the prime factors of 669281253.
3, 41, 5441311
What are the prime factors of 72546200?
2, 5, 31, 11701
List the prime factors of 861290659.
61, 14119519
What are the prime factors of 40243205?
5, 1129, 7129
List the prime factors of 1101886612.
2, 47, 5861099
List the prime factors of 71233277.
23, 41, 75539
What are the prime factors of 310008572?
2, 1571, 49333
What are the prime factors of 805770539?
7, 17, 29, 233489
List the prime factors of 495588672.
2, 3, 59, 4861
List the prime factors of 10651980.
2, 3, 5, 177533
What are the prime factors of 318944607?
3, 106314869
What are the prime factors of 578180011?
578180011
List the prime factors of 55424859.
3, 7, 307, 8597
What are the prime factors of 1034885796?
2, 3, 7, 2287, 5387
List the prime factors of 372282126.
2, 3, 467, 132863
List the prime factors of 47546240.
2, 5, 7, 10613
What are the prime factors of 322946462?
2, 161473231
What are the prime factors of 149976680?
2, 5, 7, 229, 2339
What are the prime factors of 386999158?
2, 7, 13, 303767
List the prime factors of 2011255098.
2, 3, 179, 1151, 1627
List the prime factors of 772712748.
2, 3, 19, 433, 2609
List the prime factors of 2310673783.
11, 210061253
What are the prime factors of 5249438831?
7, 13, 57686141
What are the prime factors of 107440440?
2, 3, 5, 19, 47123
What are the prime factors of 125394543?
3, 47, 296441
List the prime factors of 630018944.
2, 23, 173, 1237
What are the prime factors of 322692623?
11, 17, 61, 28289
List the prime factors of 191247904.
2, 5976497
List the prime factors of 474179049.
3, 17562187
List the prime factors of 72041126.
2, 36020563
List the prime factors of 3547794751.
2503, 1417417
What are the prime factors of 131498058?
2, 3, 21916343
What are the prime factors of 365381698?
2, 11, 16608259
What are the prime factors of 4479481030?
2, 5, 53, 8451851
What are the prime factors of 73652316?
2, 3, 6137693
List the prime factors of 59778034.
2, 191, 156487
List the prime factors of 43390731.
3, 31, 466567
List the prime factors of 229603291.
229603291
List the prime factors of 153322614.
2, 3, 89, 95707
What are the prime factors of 33810637?
7, 17, 37, 1097
What are the prime factors of 282180958?
2, 141090479
List the prime factors of 77482662.
2, 3, 37, 9433
List the prime factors of 91459392.
2, 3, 476351
List the prime factors of 289879882.
2, 29, 4997929
What are the prime factors of 41963351?
41963351
What are the prime factors of 1477969476?
2, 3, 41, 1609, 1867
List the prime factors of 320939076.
2, 3, 26744923
What are the prime factors of 18250158?
2, 3, 103, 29531
List the prime factors of 383037755.
5, 89, 860759
What are the prime factors of 636156217?
269, 439, 5387
List the prime factors of 77121062.
2, 38560531
What are the prime factors of 138708394?
2, 11, 6304927
What are the prime factors of 800987853?
3, 266995951
List the prime factors of 559287297.
3, 23, 2701871
List the prime factors of 12901940.
2, 5, 645097
List the prime factors of 1428571086.
2, 3, 113, 2107037
What are the prime factors of 442859081?
7, 41, 1543063
List the prime factors of 51329973.
3, 67, 263, 971
List the prime factors of 2565155665.
5, 331, 1549943
List the prime factors of 120327944.
2, 11, 73, 18731
List the prime factors of 74974834.
2, 11, 3407947
List the prime factors of 35608752.
2, 3, 29, 8527
What are the prime factors of 160036619?
223, 717653
What are the prime factors of 1039932191?
1039932191
List the prime factors of 4838809707.
3, 101, 859, 6197
